 when 15692 is divided by 1008.
572
Calculate the remainder when 83975205 is divided by 4084.
4081
Calculate the remainder when 47527 is divided by 197.
50
What is the remainder when 375614 is divided by 229?
54
Calculate the remainder when 4442529 is divided by 75297.
6
Calculate the remainder when 518093 is divided by 1124.
1053
What is the remainder when 339306 is divided by 2654?
2248
What is the remainder when 2404 is divided by 944?
516
Calculate the remainder when 371892 is divided by 182935.
6022
Calculate the remainder when 84867478 is divided by 1432.
1430
Calculate the remainder when 74675 is divided by 811.
63
What is the remainder when 7825912 is divided by 4076?
4068
Calculate the remainder when 8972031 is divided by 3884.
3875
Calculate the remainder when 1196487 is divided by 231.
138
Calculate the remainder when 67295284 is divided by 46.
44
What is the remainder when 81517 is divided by 2697?
607
Calculate the remainder when 37759270 is divided by 158.
114
What is the remainder when 949742 is divided by 51?
20
Calculate the remainder when 102101476 is divided by 580122.
4
Calculate the remainder when 24225821 is divided by 195.
191
What is the remainder when 211519 is divided by 6210?
379
Calculate the remainder when 4426159 is divided by 885174.
289
Calculate the remainder when 122910 is divided by 1406.
588
What is the remainder when 94420 is divided by 1073?
1069
What is the remainder when 4559780 is divided by 69?
53
What is the remainder when 13818918 is divided by 13818912?
6
Calculate the remainder when 41394228 is divided by 309.
279
What is the remainder when 1441930 is divided by 3569?
54
What is the remainder when 571454 is divided by 63494?
8
Calculate the remainder when 1278570 is divided by 39955.
10
Calculate the remainder when 638920 is divided by 36.
28
Calculate the remainder when 11066 is divided by 1020.
866
Calculate the remainder when 3207647 is divided by 14.
9
Calculate the remainder when 630195 is divided by 12.
3
Calculate the remainder when 210109833 is divided by 70036604.
21
Calculate the remainder when 174809873 is divided by 6474439.
20
What is the remainder when 2355263 is divided by 248?
7
Calculate the remainder when 11732122 is divided by 28.
10
Calculate the remainder when 32397 is divided by 931.
743
Calculate the remainder when 30381 is divided by 161.
113
Calculate the remainder when 221395 is divided by 73720.
235
Calculate the remainder when 1981944 is divided by 29.
26
Calculate the remainder when 48176 is divided by 1071.
1052
Calculate the remainder when 3490513 is divided by 120360.
73
Calculate the remainder when 2059739 is divided by 60.
59
Calculate the remainder when 175968814 is divided by 17.
12
Calculate the remainder when 43490523 is divided by 50.
23
Calculate the remainder when 1386229 is divided by 173272.
53
Calculate the remainder when 3040180 is divided by 794.
748
Calculate the remainder when 1174276 is divided by 117419.
86
Calculate the remainder when 8419363 is divided by 98.
85
Calculate the remainder when 68964421 is divided by 27.
22
Calculate the remainder when 167955 is divided by 83961.
33
Calculate the remainder when 3895392 is divided by 121.
39
Calculate the remainder when 2796859 is divided by 38841.
307
Calculate the remainder when 2970353 is divided by 2873.
2544
What is the remainder when 4355 is divided by 331?
52
What is the remainder when 113996801 is divided by 324?
317
Calculate the remainder when 396881 is divided by 99209.
45
Calculate the remainder when 37662 is divided by 12058.
1488
What is the remainder when 76627 is divided by 673?
578
Calculate the remainder when 747413 is divided by 781.
777
What is the remainder when 80626 is divided by 13336?
610
Calculate the remainder when 16502 is divided by 5460.
122
Calculate the remainder when 7287500 is divided by 3703.
3699
Calculate the remainder when 24564299 is divided by 6754.
1
What is the remainder when 5677526 is divided by 1135464?
206
Calculate the remainder when 696450547 is divided by 38.
37
What is the remainder when 347408 is divided by 94?
78
Calculate the remainder when 6935992 is divided by 35.
7
What is the remainder when 87639 is divided by 19330?
10319
What is the remainder when 449710 is divided by 224803?
104
Calculate the remainder when 3091611 is divided by 3752.
3715
Calculate the remainder when 76041 is divided by 117.
108
What is the remainder when 813349 is divided by 271116?
1
Calculate the remainder when 19995743 is divided by 1110873.
29
Calculate the remainder when 782747 is divided by 1553.
35
What is the remainder when 6790464 is divided by 339523?
4
Calculate the remainder when 254759 is divided by 254749.
10
Calculate the remainder when 5251 is divided by 487.
381
What is the remainder when 370235 is divided by 123109?
908
What is the remainder when 29801 is divided by 54?
47
What is the remainder when 18143410 is divided by 14?
12
What is the remainder when 203581818 is divided by 21?
6
Calculate the remainder when 894612 is divided by 22910.
1122
What is the remainder when 54530555 is divided by 2181222?
5
Calculate the remainder when 3779517 is divided by 930.
927
Calculate the remainder when 76950576 is divided by 89.
19
What is the remainder when 292381 is divided by 146190?
1
Calculate the remainder when 5750264 is divided by 25.
14
Calculate the remainder when 183341 is divided by 893.
276
What is the remainder when 405596 is divided by 2759?
23
Calculate the remainder when 19293338 is divided by 983.
980
What is the remainder when 2183937 is divided by 2361?
12
Calculate the remainder when 479563 is divided by 379.
128
What is the remainder when 244462 is divided by 5206?
4986
What is the remainder when 93319 is divided by 753?
700
What is the remainder when 7199531 is divided by 1799851?
127
What is the remainder when 162482 is divided by 12477?
281
What is the remainder when 148872 is divided by 148862?
10
Calculate the remainder when 12819157 is divided by 3204763.
105
Calculate the remainder when 13634107 is divided by 62.
59
Calculate the remainder when 509221 is divided by 169738.
7
Calculate the remainder when 24431 is divided by 24149.
282
Calculate the remainder when 493930 is divided by 3181.
875
Calculate the remainder when 6830 is divided by 3363.
104
What is the remainder when 159416377 is divided by 589?
582
What is the remainder when 25666723 is divided by 14?
5
What is the remainder when 5021630 is divided by 1457?
808
What is the remainder when 2244255 is divided by 517?
475
Calculate the remainder when 14924007 is divided by 877882.
13
What is the remainder when 24668828 is divided by 90362?
2
What is the remainder when 5958418 is divided by 279?
94
What is the remainder when 16265960 is divided by 27?
26
What is the remainder when 3221292099 is divided by 13?
12
Calculate the remainder when 5699149 is divided by 524.
125
Calculate the remainder when 8122583 is divided by 76628.
15
What is the remainder when 23804150 is divided by 132984?
14
What is the remainder when 454267 is divided by 170?
27
Calculate the remainder when 88910159 is divided by 12.
11
What is the remainder when 7581795 is divided by 1516185?
870
What is the remainder when 2019400 is divided by 100?
0
What is the remainder when 660417 is divided by 1792?
961
What is the remainder when 435970 is divided by 2086?
2082
Calculate the remainder when 38982226 is divided by 373.
369
What is the remainder when 2038213 is divided by 65743?
180
What is the remainder when 4876180 is divided by 3620?
40
What is the remainder when 8090996 is divided by 1277?
1201
Calculate the remainder when 76212 is divided by 7465.
1562
Calculate the remainder when 274471 is divided by 89.
84
Calculate the remainder when 8891859 is divided by 188.
23
What is the remainder when 15621202 is divided by 682?
674
What is the remainder when 553715 is divided by 1033?
27
Calculate the remainder when 6221711 is divided by 264.
23
What is the remainder when 922280 is divided by 461100?
80
Calculate the remainder when 4278800 is divided by 28150.
0
Calculate the remainder when 6128051 is divided by 496.
467
What is the remainder when 142550 is divided by 2850?
50
What is the remainder when 33390929